 is divided by 936.
15
What is the remainder when 157265 is divided by 7148?
9
Calculate the remainder when 25401 is divided by 69.
9
What is the remainder when 33807 is divided by 2600?
7
What is the remainder when 98736 is divided by 3655?
51
What is the remainder when 29756 is divided by 583?
23
What is the remainder when 206603 is divided by 592?
587
What is the remainder when 12436 is divided by 12365?
71
Calculate the remainder when 19168 is divided by 19112.
56
What is the remainder when 1102 is divided by 189?
157
Calculate the remainder when 52230 is divided by 17408.
6
What is the remainder when 362382 is divided by 600?
582
Calculate the remainder when 9704 is divided by 15.
14
Calculate the remainder when 383260 is divided by 413.
409
Calculate the remainder when 3989 is divided by 842.
621
Calculate the remainder when 72176 is divided by 1150.
876
Calculate the remainder when 1491 is divided by 402.
285
What is the remainder when 1567 is divided by 484?
115
What is the remainder when 253749 is divided by 654?
651
What is the remainder when 1219852 is divided by 49?
46
What is the remainder when 9605 is divided by 2259?
569
What is the remainder when 14307 is divided by 4702?
201
What is the remainder when 11175 is divided by 260?
255
What is the remainder when 54105 is divided by 192?
153
Calculate the remainder when 57444 is divided by 533.
413
What is the remainder when 114673 is divided by 503?
492
Calculate the remainder when 10060 is divided by 914.
6
What is the remainder when 12346 is divided by 3559?
1669
Calculate the remainder when 28317 is divided by 12.
9
Calculate the remainder when 17374 is divided by 8646.
82
What is the remainder when 107682 is divided by 1363?
5
What is the remainder when 2328 is divided by 11?
7
Calculate the remainder when 1550521 is divided by 341.
335
Calculate the remainder when 115176 is divided by 14.
12
What is the remainder when 184988 is divided by 34?
28
What is the remainder when 10599 is divided by 102?
93
What is the remainder when 1272 is divided by 127?
2
Calculate the remainder when 11376 is divided by 947.
12
Calculate the remainder when 218723 is divided by 6.
5
What is the remainder when 82949 is divided by 5180?
69
Calculate the remainder when 289 is divided by 37.
30
What is the remainder when 745778 is divided by 122?
114
Calculate the remainder when 8971 is divided by 29.
10
What is the remainder when 56652 is divided by 480?
12
Calculate the remainder when 909909 is divided by 24.
21
What is the remainder when 2355 is divided by 505?
335
What is the remainder when 59276 is divided by 898?
8
What is the remainder when 9672 is divided by 6?
0
Calculate the remainder when 18824 is divided by 987.
71
Calculate the remainder when 193666 is divided by 113.
97
Calculate the remainder when 90010 is divided by 44992.
26
What is the remainder when 3573 is divided by 155?
8
What is the remainder when 72047 is divided by 26?
1
Calculate the remainder when 2026 is divided by 541.
403
What is the remainder when 24546 is divided by 24539?
7
Calculate the remainder when 78308 is divided by 410.
408
What is the remainder when 30914 is divided by 486?
296
Calculate the remainder when 1557 is divided by 1013.
544
What is the remainder when 1210 is divided by 1202?
8
What is the remainder when 1024 is divided by 958?
66
What is the remainder when 1300 is divided by 326?
322
What is the remainder when 729816 is divided by 1941?
0
Calculate the remainder when 49542 is divided by 354.
336
Calculate the remainder when 38438 is divided by 124.
122
What is the remainder when 170967 is divided by 34?
15
What is the remainder when 53800 is divided by 17930?
10
Calculate the remainder when 555173 is divided by 46.
45
What is the remainder when 2686 is divided by 963?
760
Calculate the remainder when 87689 is divided by 79.
78
What is the remainder when 169334 is divided by 507?
503
What is the remainder when 1369883 is divided by 6?
5
What is the remainder when 3846 is divided by 141?
39
Calculate the remainder when 2816 is divided by 19.
4
Calculate the remainder when 17032 is divided by 2808.
184
What is the remainder when 6077 is divided by 18?
11
Calculate the remainder when 15814 is divided by 7861.
92
What is the remainder when 56983 is divided by 300?
283
Calculate the remainder when 5333 is divided by 409.
16
Calculate the remainder when 1013744 is divided by 97.
94
What is the remainder when 1957 is divided by 376?
77
Calculate the remainder when 38733 is divided by 12909.
6
Calculate the remainder when 2900 is divided by 19.
12
What is the remainder when 2558 is divided by 23?
5
What is the remainder when 2965 is divided by 297?
292
Calculate the remainder when 358551 is divided by 71707.
16
Calculate the remainder when 1220 is divided by 212.
160
Calculate the remainder when 5146 is divided by 56.
50
What is the remainder when 15300 is divided by 51?
0
Calculate the remainder when 218110 is divided by 512.
510
Calculate the remainder when 18591 is divided by 66.
45
What is the remainder when 216129 is divided by 93?
90
Calculate the remainder when 347147 is divided by 530.
527
Calculate the remainder when 4406 is divided by 3036.
1370
What is the remainder when 3621 is divided by 789?
465
What is the remainder when 207344 is divided by 26?
20
Calculate the remainder when 3202 is divided by 1597.
8
What is the remainder when 2911 is divided by 1454?
3
Calculate the remainder when 10141 is divided by 2026.
11
Calculate the remainder when 7385 is divided by 2377.
254
What is the remainder when 14597 is divided by 44?
33
What is the remainder when 9316 is divided by 158?
152
What is the remainder when 3157 is divided by 5?
2
What is the remainder when 5535 is divided by 1841?
12
Calculate the remainder when 200661 is divided by 790.
1
Calculate the remainder when 2364310 is divided by 632.
630
What is the remainder when 489213 is divided by 24?
21
What is the remainder when 84977 is divided by 1213?
67
Calculate the remainder when 168 is divided by 52.
12
Calculate the remainder when 4453 is divided by 1424.
181
Calculate the remainder when 5704 is divided by 1782.
358
What is the remainder when 287 is divided by 151?
136
What is the remainder when 1676 is divided by 510?
146
What is the remainder when 2073878 is divided by 22?
4
Calculate the remainder when 220 is divided by 5.
0
Calculate the remainder when 54015 is divided by 581.
563
Calculate the remainder when 6778 is divided by 5858.
920
Calculate the remainder when 65374 is divided by 4358.
4
What is the remainder when 27005 is divided by 239?
237
What is the remainder when 1079659 is divided by 21?
7
What is the remainder when 22552 is divided by 502?
464
Calculate the remainder when 8884 is divided by 101.
97
Calculate the remainder when 349140 is divided by 87280.
20
Calculate the remainder when 837271 is divided by 16.
7
Calculate the remainder when 4388 is divided by 876.
8
What is the remainder when 303631 is divided by 8?
7
Calculate the remainder when 9405 is divided by 100.
5
What is the remainder when 1334 is divided by 531?
272
Calculate the remainder when 6277 is divided by 108.
13
Calculate the remainder when 110085 is divided by 983.
972
Calculate the remainder when 32854 is divided by 2526.
16
Calculate the remainder when 8866 is divided by 1770.
16
What is the remainder when 35316 is divided by 35292?
24
What is the remainder when 4716 is divided by 493?
279
What is the remainder when 3582 is divided by 62?
48
Calculate the remainder when 45196 is divided by 93.
91
What is the remainder when 12852 is divided by 4?
0
Calculate the remainder when 13802 is divided by 106.
22
What is the remainder when 41277 is divided by 86?
83
What is the remainder when 15003 is divided by 156?
27
Calculate the remainder when 7713 is divided by 2565.
18
What is the remainder when 18658 is divided by 3109?
4
What is the remainder when 3133 is divided by 176?
141
What is the remainder when 712579 is divided by 13703?
23
Calculate the remainder when 932399 is divided by 1050.
1049
Calculate the remainder when 30885 is divided by 1027.
75
What is the remainder when 54826 is divided by 677?
666
What is the remainder when 3301 is divided by